{"id":2,"date":"2025-11-06T11:17:40","date_gmt":"2025-11-06T11:17:40","guid":{"rendered":"https:\/\/loyolabaseball.com\/?page_id=2"},"modified":"2025-11-21T14:02:19","modified_gmt":"2025-11-21T14:02:19","slug":"loyola-our-baseball-academy","status":"publish","type":"page","link":"https:\/\/loyolabaseball.com\/index.php\/loyola-our-baseball-academy\/","title":{"rendered":"Our Baseball Academy"},"content":{"rendered":"\n<p><\/p>\n\n\n\n<div class=\"wp-block-group alignfull has-accent-background-color has-background has-global-padding is-layout-constrained wp-container-core-group-is-layout-669513ed wp-block-group-is-layout-constrained\" style=\"margin-top:0;margin-bottom:0;padding-top:var(--wp--preset--spacing--50);padding-right:var(--wp--preset--spacing--50);padding-bottom:var(--wp--preset--spacing--50);padding-left:var(--wp--preset--spacing--50)\">\n<div class=\"wp-block-columns alignwide is-layout-flex wp-container-core-columns-is-layout-1da03c2a wp-block-columns-is-layout-flex\">\n<div class=\"wp-block-column is-vertically-aligned-stretch is-layout-flow wp-block-column-is-layout-flow\" style=\"flex-basis:50%\">\n<div class=\"wp-block-group is-vertical is-content-justification-stretch is-layout-flex wp-container-core-group-is-layout-444d5ee8 wp-block-group-is-layout-flex\" style=\"min-height:100%\">\n<p class=\"has-text-align-right has-heading-font-family has-x-large-font-size\" style=\"line-height:1.2\">MISSION \/ MISI\u00d3N<\/p>\n\n\n\n<div class=\"wp-block-group has-global-padding is-content-justification-right is-layout-constrained wp-container-core-group-is-layout-7bd3503d wp-block-group-is-layout-constrained\">\n<p class=\"has-text-align-right wp-container-content-0733e5d0\">Develop the athletic and personal skills of every child and youth through baseball, promoting discipline, teamwork, and passion for the game in a positive, safe, and excellence-driven environment.<\/p>\n\n\n\n<p class=\"has-text-align-right\">Loyola Sports Academy is committed to forming well-rounded athletes with strong values and a winning mindset both on and off the field.<\/p>\n\n\n\n<p class=\"has-text-align-right\">Desarrollar las habilidades deportivas y personales de cada ni\u00f1o y joven a trav\u00e9s del b\u00e9isbol, fomentando la disciplina, el trabajo en equipo y la pasi\u00f3n por el juego en un ambiente positivo, seguro y orientado a la excelencia.<\/p>\n\n\n\n<p class=\"has-text-align-right\">Loyola Sports Academy se compromete a formar atletas \u00edntegros, con valores s\u00f3lidos y una mentalidad ganadora dentro y fuera del campo.<\/p>\n\n\n\n<div class=\"wp-block-buttons alignwide is-content-justification-center is-layout-flex wp-container-core-buttons-is-layout-a89b3969 wp-block-buttons-is-layout-flex\">\n<div class=\"wp-block-button\"><a class=\"wp-block-button__link has-text-align-center wp-element-button\" href=\"https:\/\/loyolabaseball.com\/index.php\/about-us\/\">Director of Academy<\/a><\/div>\n<\/div>\n<\/div>\n<\/div>\n<\/div>\n\n\n\n<div class=\"wp-block-column is-vertically-aligned-center is-layout-flow wp-block-column-is-layout-flow\" style=\"flex-basis:50%\">\n<figure class=\"wp-block-image size-large is-style-rounded is-style-rounded--1\"><img loading=\"lazy\" decoding=\"async\" width=\"768\" height=\"1024\" src=\"https:\/\/loyolabaseball.com\/wp-content\/uploads\/2025\/11\/IMG_6224-768x1024.jpg\" alt=\"\" class=\"wp-image-141\" style=\"aspect-ratio:3\/4;object-fit:cover\" srcset=\"https:\/\/loyolabaseball.com\/wp-content\/uploads\/2025\/11\/IMG_6224-768x1024.jpg 768w, https:\/\/loyolabaseball.com\/wp-content\/uploads\/2025\/11\/IMG_6224-225x300.jpg 225w, https:\/\/loyolabaseball.com\/wp-content\/uploads\/2025\/11\/IMG_6224-1152x1536.jpg 1152w, https:\/\/loyolabaseball.com\/wp-content\/uploads\/2025\/11\/IMG_6224-1536x2048.jpg 1536w, https:\/\/loyolabaseball.com\/wp-content\/uploads\/2025\/11\/IMG_6224-scaled.jpg 1920w\" sizes=\"auto, (max-width: 768px) 100vw, 768px\" \/><\/figure>\n<\/div>\n<\/div>\n<\/div>\n\n\n\n<div class=\"wp-block-group alignfull has-base-background-color has-background has-global-padding is-layout-constrained wp-container-core-group-is-layout-d89aad35 wp-block-group-is-layout-constrained\" style=\"margin-top:0;margin-bottom:0;padding-top:var(--wp--preset--spacing--50);padding-right:var(--wp--preset--spacing--50);padding-bottom:var(--wp--preset--spacing--50);padding-left:var(--wp--preset--spacing--50)\">\n<div class=\"wp-block-columns alignwide is-layout-flex wp-container-core-columns-is-layout-549b0c86 wp-block-columns-is-layout-flex\">\n<div class=\"wp-block-column is-layout-flow wp-block-column-is-layout-flow\">\n<figure class=\"wp-block-image size-full has-custom-border\"><img loading=\"lazy\" decoding=\"async\" width=\"3520\" height=\"1980\" src=\"https:\/\/loyolabaseball.com\/wp-content\/uploads\/2025\/11\/IMG_2082.jpg\" alt=\"\" class=\"wp-image-155\" style=\"border-radius:20px\"\/><\/figure>\n<\/div>\n\n\n\n<div class=\"wp-block-column is-layout-flow wp-container-core-column-is-layout-119bc444 wp-block-column-is-layout-flow\" style=\"flex-basis:60%\">\n<p class=\"has-heading-font-family has-x-large-font-size\" style=\"line-height:1.2\">VISION \/ VISI\u00d3N<\/p>\n\n\n\n<div class=\"wp-block-columns is-layout-flex wp-container-core-columns-is-layout-87beb0d0 wp-block-columns-is-layout-flex\">\n<div class=\"wp-block-column is-layout-flow wp-block-column-is-layout-flow\">\n<p class=\"wp-container-content-9cfa9a5a\">To be the most prestigious and respected baseball academy for young athletes, recognized for its holistic training approach, commitment to discipline, and ability to inspire future generations to reach their full athletic and personal potential.<\/p>\n\n\n\n<p>Ser la academia de b\u00e9isbol de mayor prestigio y referencia en la formaci\u00f3n de<br>j\u00f3venes atletas, reconocida por su metodolog\u00eda integral, su compromiso con la disciplina y su capacidad de inspirar a futuras generaciones a alcanzar su m\u00e1ximo potencial deportivo y humano.<\/p>\n<\/div>\n<\/div>\n<\/div>\n<\/div>\n<\/div>\n\n\n\n<div class=\"wp-block-group alignfull has-accent-5-background-color has-background has-global-padding is-layout-constrained wp-container-core-group-is-layout-d89aad35 wp-block-group-is-layout-constrained\" style=\"margin-top:0;margin-bottom:0;padding-top:var(--wp--preset--spacing--50);padding-right:var(--wp--preset--spacing--50);padding-bottom:var(--wp--preset--spacing--50);padding-left:var(--wp--preset--spacing--50)\">\n<div class=\"wp-block-columns alignwide is-layout-flex wp-container-core-columns-is-layout-1da03c2a wp-block-columns-is-layout-flex\">\n<div class=\"wp-block-column is-vertically-aligned-center is-layout-flow wp-block-column-is-layout-flow\" style=\"flex-basis:60%\">\n<figure class=\"wp-block-image size-full is-style-rounded wp-duotone-duotone-1 is-style-rounded--2\"><img loading=\"lazy\" decoding=\"async\" width=\"2560\" height=\"1440\" src=\"https:\/\/loyolabaseball.com\/wp-content\/uploads\/2025\/11\/IMG_6338-1-scaled.jpg\" alt=\"\" class=\"wp-image-140\" style=\"aspect-ratio:4\/3;object-fit:cover\" srcset=\"https:\/\/loyolabaseball.com\/wp-content\/uploads\/2025\/11\/IMG_6338-1-scaled.jpg 2560w, https:\/\/loyolabaseball.com\/wp-content\/uploads\/2025\/11\/IMG_6338-1-300x169.jpg 300w, https:\/\/loyolabaseball.com\/wp-content\/uploads\/2025\/11\/IMG_6338-1-1024x576.jpg 1024w, https:\/\/loyolabaseball.com\/wp-content\/uploads\/2025\/11\/IMG_6338-1-768x432.jpg 768w, https:\/\/loyolabaseball.com\/wp-content\/uploads\/2025\/11\/IMG_6338-1-1536x864.jpg 1536w, https:\/\/loyolabaseball.com\/wp-content\/uploads\/2025\/11\/IMG_6338-1-2048x1152.jpg 2048w\" sizes=\"auto, (max-width: 2560px) 100vw, 2560px\" \/><\/figure>\n<\/div>\n\n\n\n<div class=\"wp-block-column is-layout-flow wp-block-column-is-layout-flow\" style=\"flex-basis:40%\">\n<figure class=\"wp-block-image aligncenter size-full\"><img loading=\"lazy\" decoding=\"async\" width=\"206\" height=\"207\" src=\"https:\/\/loyolabaseball.com\/wp-content\/uploads\/2025\/11\/logonew-small.png\" alt=\"\" class=\"wp-image-205\" srcset=\"https:\/\/loyolabaseball.com\/wp-content\/uploads\/2025\/11\/logonew-small.png 206w, https:\/\/loyolabaseball.com\/wp-content\/uploads\/2025\/11\/logonew-small-150x150.png 150w\" sizes=\"auto, (max-width: 206px) 100vw, 206px\" \/><\/figure>\n\n\n\n<h2 class=\"wp-block-heading\">PURPOSE \/ PROP\u00d3SITO <\/h2>\n\n\n\n<p>To transform sports into a life tool that builds leaders, promotes respect, commitment, and perseverance, and helps each athlete discover their best version while enjoying the journey toward their dreams.<\/p>\n\n\n\n<p>Transformar el deporte en una herramienta de vida que forme l\u00edderes, promueva el respeto, el compromiso y la perseverancia, y ayude a cada atleta a descubrir su mejor versi\u00f3n mientras disfruta del camino hacia sus sue\u00f1os.<\/p>\n\n\n\n<div style=\"height:25px\" aria-hidden=\"true\" class=\"wp-block-spacer\"><\/div>\n\n\n\n<div class=\"wp-block-buttons is-content-justification-center is-layout-flex wp-container-core-buttons-is-layout-a89b3969 wp-block-buttons-is-layout-flex\">\n<div class=\"wp-block-button\"><a class=\"wp-block-button__link wp-element-button\" href=\"https:\/\/loyolabaseball.com\/\">HOME<\/a><\/div>\n<\/div>\n<\/div>\n<\/div>\n<\/div>\n\n\n\n<p><\/p>\n\n\n\n<div class=\"wp-block-cover alignfull has-parallax\" style=\"margin-top:0;padding-top:5vw;padding-right:5vw;padding-bottom:5vw;padding-left:5vw;min-height:50vh;aspect-ratio:unset;\"><div class=\"wp-block-cover__image-background wp-image-195 size-large has-parallax\" style=\"background-position:50% 50%;background-image:url(https:\/\/loyolabaseball.com\/wp-content\/uploads\/2025\/11\/IMG_6335-1-768x1024.jpg)\"><\/div><span aria-hidden=\"true\" class=\"wp-block-cover__background has-background-dim-90 has-background-dim\" style=\"background-color:#2f528a\"><\/span><div class=\"wp-block-cover__inner-container is-layout-flow wp-block-cover-is-layout-flow\">\n<div class=\"wp-block-group wp-container-content-9cfa9a5a is-vertical is-content-justification-center is-nowrap is-layout-flex wp-container-core-group-is-layout-b29eb492 wp-block-group-is-layout-flex\">\n<p class=\"has-text-align-center has-text-color has-source-serif-pro-font-family\" style=\"color:#ffea00;font-size:clamp(50.171px, 3.136rem + ((1vw - 3.2px) * 5.191), 100px);font-style:italic;font-weight:900;letter-spacing:-4px;line-height:0.8;text-transform:none\">Loyola Baseball <\/p>\n\n\n\n<p class=\"has-text-align-center has-text-color has-source-serif-pro-font-family\" style=\"color:#ffea00;font-size:clamp(50.171px, 3.136rem + ((1vw - 3.2px) * 5.191), 100px);font-style:italic;font-weight:900;letter-spacing:-4px;line-height:0.8;text-transform:none\">Academy<\/p>\n<\/div>\n<\/div><\/div>\n","protected":false},"excerpt":{"rendered":"<p>MISSION \/ MISI\u00d3N Develop the athletic and personal skills of every child and youth through baseball, promoting discipline, teamwork, and passion for the game in a positive, safe, and excellence-driven environment. Loyola Sports Academy is committed to forming well-rounded athletes with strong values and a winning mindset both on and off the field. Desarrollar las [&hellip;]<\/p>\n","protected":false},"author":1,"featured_media":0,"parent":0,"menu_order":0,"comment_status":"closed","ping_status":"open","template":"","meta":{"footnotes":""},"class_list":["post-2","page","type-page","status-publish","hentry"],"yoast_head":"<!-- This site is optimized with the Yoast SEO plugin v27.3 - https:\/\/yoast.com\/product\/yoast-seo-wordpress\/ -->\n<title>Our Baseball Academy - Loyola Baseball Academy<\/title>\n<meta name=\"description\" content=\"Welcome to Loyola Sports Academy Over 15 years of combined experience in professionalbaseball and youth coaching. Luis Loyola Serrano continues to make a lasting impact on his community. His academy serves as a space where discipline,teamwork, and passion for the game come together.\" \/>\n<meta name=\"robots\" content=\"index, follow, max-snippet:-1, max-image-preview:large, max-video-preview:-1\" \/>\n<link rel=\"canonical\" href=\"https:\/\/loyolabaseball.com\/index.php\/loyola-our-baseball-academy\/\" \/>\n<meta property=\"og:locale\" content=\"en_US\" \/>\n<meta property=\"og:type\" content=\"article\" \/>\n<meta property=\"og:title\" content=\"Our Baseball Academy - Loyola Baseball Academy\" \/>\n<meta property=\"og:description\" content=\"Welcome to Loyola Sports Academy Over 15 years of combined experience in professionalbaseball and youth coaching. Luis Loyola Serrano continues to make a lasting impact on his community. His academy serves as a space where discipline,teamwork, and passion for the game come together.\" \/>\n<meta property=\"og:url\" content=\"https:\/\/loyolabaseball.com\/index.php\/loyola-our-baseball-academy\/\" \/>\n<meta property=\"og:site_name\" content=\"Loyola Baseball Academy\" \/>\n<meta property=\"article:modified_time\" content=\"2025-11-21T14:02:19+00:00\" \/>\n<meta property=\"og:image\" content=\"https:\/\/loyolabaseball.com\/wp-content\/uploads\/2025\/11\/IMG_6224-scaled.jpg\" \/>\n\t<meta property=\"og:image:width\" content=\"1920\" \/>\n\t<meta property=\"og:image:height\" content=\"2560\" \/>\n\t<meta property=\"og:image:type\" content=\"image\/jpeg\" \/>\n<meta name=\"twitter:card\" content=\"summary_large_image\" \/>\n<meta name=\"twitter:label1\" content=\"Est. reading time\" \/>\n\t<meta name=\"twitter:data1\" content=\"2 minutes\" \/>\n<script type=\"application\/ld+json\" class=\"yoast-schema-graph\">{\"@context\":\"https:\\\/\\\/schema.org\",\"@graph\":[{\"@type\":\"WebPage\",\"@id\":\"https:\\\/\\\/loyolabaseball.com\\\/index.php\\\/loyola-our-baseball-academy\\\/\",\"url\":\"https:\\\/\\\/loyolabaseball.com\\\/index.php\\\/loyola-our-baseball-academy\\\/\",\"name\":\"Our Baseball Academy - Loyola Baseball Academy\",\"isPartOf\":{\"@id\":\"https:\\\/\\\/loyolabaseball.com\\\/#website\"},\"primaryImageOfPage\":{\"@id\":\"https:\\\/\\\/loyolabaseball.com\\\/index.php\\\/loyola-our-baseball-academy\\\/#primaryimage\"},\"image\":{\"@id\":\"https:\\\/\\\/loyolabaseball.com\\\/index.php\\\/loyola-our-baseball-academy\\\/#primaryimage\"},\"thumbnailUrl\":\"https:\\\/\\\/loyolabaseball.com\\\/wp-content\\\/uploads\\\/2025\\\/11\\\/IMG_6224-768x1024.jpg\",\"datePublished\":\"2025-11-06T11:17:40+00:00\",\"dateModified\":\"2025-11-21T14:02:19+00:00\",\"description\":\"Welcome to Loyola Sports Academy Over 15 years of combined experience in professionalbaseball and youth coaching. Luis Loyola Serrano continues to make a lasting impact on his community. His academy serves as a space where discipline,teamwork, and passion for the game come together.\",\"breadcrumb\":{\"@id\":\"https:\\\/\\\/loyolabaseball.com\\\/index.php\\\/loyola-our-baseball-academy\\\/#breadcrumb\"},\"inLanguage\":\"en-US\",\"potentialAction\":[{\"@type\":\"ReadAction\",\"target\":[\"https:\\\/\\\/loyolabaseball.com\\\/index.php\\\/loyola-our-baseball-academy\\\/\"]}]},{\"@type\":\"ImageObject\",\"inLanguage\":\"en-US\",\"@id\":\"https:\\\/\\\/loyolabaseball.com\\\/index.php\\\/loyola-our-baseball-academy\\\/#primaryimage\",\"url\":\"https:\\\/\\\/loyolabaseball.com\\\/wp-content\\\/uploads\\\/2025\\\/11\\\/IMG_6224-scaled.jpg\",\"contentUrl\":\"https:\\\/\\\/loyolabaseball.com\\\/wp-content\\\/uploads\\\/2025\\\/11\\\/IMG_6224-scaled.jpg\",\"width\":1920,\"height\":2560},{\"@type\":\"BreadcrumbList\",\"@id\":\"https:\\\/\\\/loyolabaseball.com\\\/index.php\\\/loyola-our-baseball-academy\\\/#breadcrumb\",\"itemListElement\":[{\"@type\":\"ListItem\",\"position\":1,\"name\":\"Home\",\"item\":\"https:\\\/\\\/loyolabaseball.com\\\/\"},{\"@type\":\"ListItem\",\"position\":2,\"name\":\"Our Baseball Academy\"}]},{\"@type\":\"WebSite\",\"@id\":\"https:\\\/\\\/loyolabaseball.com\\\/#website\",\"url\":\"https:\\\/\\\/loyolabaseball.com\\\/\",\"name\":\"Loyola Baseball Academy\",\"description\":\"\",\"publisher\":{\"@id\":\"https:\\\/\\\/loyolabaseball.com\\\/#organization\"},\"potentialAction\":[{\"@type\":\"SearchAction\",\"target\":{\"@type\":\"EntryPoint\",\"urlTemplate\":\"https:\\\/\\\/loyolabaseball.com\\\/?s={search_term_string}\"},\"query-input\":{\"@type\":\"PropertyValueSpecification\",\"valueRequired\":true,\"valueName\":\"search_term_string\"}}],\"inLanguage\":\"en-US\"},{\"@type\":\"Organization\",\"@id\":\"https:\\\/\\\/loyolabaseball.com\\\/#organization\",\"name\":\"Loyola Baseball Academy\",\"url\":\"https:\\\/\\\/loyolabaseball.com\\\/\",\"logo\":{\"@type\":\"ImageObject\",\"inLanguage\":\"en-US\",\"@id\":\"https:\\\/\\\/loyolabaseball.com\\\/#\\\/schema\\\/logo\\\/image\\\/\",\"url\":\"https:\\\/\\\/loyolabaseball.com\\\/wp-content\\\/uploads\\\/2025\\\/11\\\/logonew-small.png\",\"contentUrl\":\"https:\\\/\\\/loyolabaseball.com\\\/wp-content\\\/uploads\\\/2025\\\/11\\\/logonew-small.png\",\"width\":206,\"height\":207,\"caption\":\"Loyola Baseball Academy\"},\"image\":{\"@id\":\"https:\\\/\\\/loyolabaseball.com\\\/#\\\/schema\\\/logo\\\/image\\\/\"}}]}<\/script>\n<!-- \/ Yoast SEO plugin. -->","yoast_head_json":{"title":"Our Baseball Academy - Loyola Baseball Academy","description":"Welcome to Loyola Sports Academy Over 15 years of combined experience in professionalbaseball and youth coaching. Luis Loyola Serrano continues to make a lasting impact on his community. His academy serves as a space where discipline,teamwork, and passion for the game come together.","robots":{"index":"index","follow":"follow","max-snippet":"max-snippet:-1","max-image-preview":"max-image-preview:large","max-video-preview":"max-video-preview:-1"},"canonical":"https:\/\/loyolabaseball.com\/index.php\/loyola-our-baseball-academy\/","og_locale":"en_US","og_type":"article","og_title":"Our Baseball Academy - Loyola Baseball Academy","og_description":"Welcome to Loyola Sports Academy Over 15 years of combined experience in professionalbaseball and youth coaching. Luis Loyola Serrano continues to make a lasting impact on his community. His academy serves as a space where discipline,teamwork, and passion for the game come together.","og_url":"https:\/\/loyolabaseball.com\/index.php\/loyola-our-baseball-academy\/","og_site_name":"Loyola Baseball Academy","article_modified_time":"2025-11-21T14:02:19+00:00","og_image":[{"width":1920,"height":2560,"url":"https:\/\/loyolabaseball.com\/wp-content\/uploads\/2025\/11\/IMG_6224-scaled.jpg","type":"image\/jpeg"}],"twitter_card":"summary_large_image","twitter_misc":{"Est. reading time":"2 minutes"},"schema":{"@context":"https:\/\/schema.org","@graph":[{"@type":"WebPage","@id":"https:\/\/loyolabaseball.com\/index.php\/loyola-our-baseball-academy\/","url":"https:\/\/loyolabaseball.com\/index.php\/loyola-our-baseball-academy\/","name":"Our Baseball Academy - Loyola Baseball Academy","isPartOf":{"@id":"https:\/\/loyolabaseball.com\/#website"},"primaryImageOfPage":{"@id":"https:\/\/loyolabaseball.com\/index.php\/loyola-our-baseball-academy\/#primaryimage"},"image":{"@id":"https:\/\/loyolabaseball.com\/index.php\/loyola-our-baseball-academy\/#primaryimage"},"thumbnailUrl":"https:\/\/loyolabaseball.com\/wp-content\/uploads\/2025\/11\/IMG_6224-768x1024.jpg","datePublished":"2025-11-06T11:17:40+00:00","dateModified":"2025-11-21T14:02:19+00:00","description":"Welcome to Loyola Sports Academy Over 15 years of combined experience in professionalbaseball and youth coaching. Luis Loyola Serrano continues to make a lasting impact on his community. His academy serves as a space where discipline,teamwork, and passion for the game come together.","breadcrumb":{"@id":"https:\/\/loyolabaseball.com\/index.php\/loyola-our-baseball-academy\/#breadcrumb"},"inLanguage":"en-US","potentialAction":[{"@type":"ReadAction","target":["https:\/\/loyolabaseball.com\/index.php\/loyola-our-baseball-academy\/"]}]},{"@type":"ImageObject","inLanguage":"en-US","@id":"https:\/\/loyolabaseball.com\/index.php\/loyola-our-baseball-academy\/#primaryimage","url":"https:\/\/loyolabaseball.com\/wp-content\/uploads\/2025\/11\/IMG_6224-scaled.jpg","contentUrl":"https:\/\/loyolabaseball.com\/wp-content\/uploads\/2025\/11\/IMG_6224-scaled.jpg","width":1920,"height":2560},{"@type":"BreadcrumbList","@id":"https:\/\/loyolabaseball.com\/index.php\/loyola-our-baseball-academy\/#breadcrumb","itemListElement":[{"@type":"ListItem","position":1,"name":"Home","item":"https:\/\/loyolabaseball.com\/"},{"@type":"ListItem","position":2,"name":"Our Baseball Academy"}]},{"@type":"WebSite","@id":"https:\/\/loyolabaseball.com\/#website","url":"https:\/\/loyolabaseball.com\/","name":"Loyola Baseball Academy","description":"","publisher":{"@id":"https:\/\/loyolabaseball.com\/#organization"},"potentialAction":[{"@type":"SearchAction","target":{"@type":"EntryPoint","urlTemplate":"https:\/\/loyolabaseball.com\/?s={search_term_string}"},"query-input":{"@type":"PropertyValueSpecification","valueRequired":true,"valueName":"search_term_string"}}],"inLanguage":"en-US"},{"@type":"Organization","@id":"https:\/\/loyolabaseball.com\/#organization","name":"Loyola Baseball Academy","url":"https:\/\/loyolabaseball.com\/","logo":{"@type":"ImageObject","inLanguage":"en-US","@id":"https:\/\/loyolabaseball.com\/#\/schema\/logo\/image\/","url":"https:\/\/loyolabaseball.com\/wp-content\/uploads\/2025\/11\/logonew-small.png","contentUrl":"https:\/\/loyolabaseball.com\/wp-content\/uploads\/2025\/11\/logonew-small.png","width":206,"height":207,"caption":"Loyola Baseball Academy"},"image":{"@id":"https:\/\/loyolabaseball.com\/#\/schema\/logo\/image\/"}}]}},"_links":{"self":[{"href":"https:\/\/loyolabaseball.com\/index.php\/wp-json\/wp\/v2\/pages\/2","targetHints":{"allow":["GET"]}}],"collection":[{"href":"https:\/\/loyolabaseball.com\/index.php\/wp-json\/wp\/v2\/pages"}],"about":[{"href":"https:\/\/loyolabaseball.com\/index.php\/wp-json\/wp\/v2\/types\/page"}],"author":[{"embeddable":true,"href":"https:\/\/loyolabaseball.com\/index.php\/wp-json\/wp\/v2\/users\/1"}],"replies":[{"embeddable":true,"href":"https:\/\/loyolabaseball.com\/index.php\/wp-json\/wp\/v2\/comments?post=2"}],"version-history":[{"count":14,"href":"https:\/\/loyolabaseball.com\/index.php\/wp-json\/wp\/v2\/pages\/2\/revisions"}],"predecessor-version":[{"id":258,"href":"https:\/\/loyolabaseball.com\/index.php\/wp-json\/wp\/v2\/pages\/2\/revisions\/258"}],"wp:attachment":[{"href":"https:\/\/loyolabaseball.com\/index.php\/wp-json\/wp\/v2\/media?parent=2"}],"curies":[{"name":"wp","href":"https:\/\/api.w.org\/{rel}","templated":true}]}}